 by 5.
3
Let r(s) = -s**3 + 12*s**2 - 12*s - 2. Let a be r(11). Let o = a + 15. What is the remainder when 6 is divided by o?
0
Let z be (1 + 3/(-2))*-12. Suppose -2*t + 4*g + 18 = 0, -2*t - g + z*g + 17 = 0. Let f = 28 - t. Calculate the remainder when f is divided by 6.
5
Suppose -4*g + 28 = -c, 3*g - c = -0*c + 21. Suppose 3*j - 3*o - 3 = 0, -j - 3*j = 2*o - 10. What is the remainder when g is divided by j?
1
Let l(h) = -h**2 - 9*h + 4. Let d be l(-11). Calculate the remainder when 10 is divided by d*((-20)/12)/5.
4
Let l = 12 - 17. Suppose -5*w + 4*y + 4 + 20 = 0, 0 = 3*y + 3. What is the remainder when w is divided by (-15)/6*6/l?
1
Suppose 2*k + 235 = 3*b, -4*k - 14 = 6. Calculate the remainder when b is divided by 13.
10
Let z(y) = -5*y + 3 - 2*y**2 - 3*y**2 - 6*y**3 + y**3 + 4*y**3. What is the remainder when 18 is divided by z(-4)?
4
Suppose -4 + 7 = m. Suppose 5*f + 179 = -5*l + 614, -268 = -m*f + 4*l. Calculate the remainder when f is divided by 30.
28
Let t be 2 + (-93)/6*-2. Suppose -3*x - w = -39, 0*x = 3*x - w - t. What is the remainder when (2/4)/(1/68) is divided by x?
10
Suppose -2*b - b + 39 = -3*a, -16 = -4*a. Let c = 133 - 67. Calculate the remainder when c is divided by b.
15
Suppose 4*g = 49 - 193. Let x = 10 - g. Calculate the remainder when x is divided by 12.
10
Suppose -7*d + 9 = -4*d. Let m(u) = -u**3 + 4*u**2 - 2*u - 3. Let j be m(3). Let y = 5 + j. Calculate the remainder when y is divided by d.
2
Let m = -55 - -78. What is the remainder when m is divided by 13?
10
Suppose 4*c - 2*c - 8 = 0. Suppose -c*m = -0*m - 84. Calculate the remainder when m is divided by 6.
3
Suppose 3*w = f - 15, -3*f - f = -3*w - 24. Calculate the remainder when (110/15)/(-5*(-6)/45) is divided by f.
2
Let p be 1/((-2)/(-52)) - 3. Let q = 46 - p. What is the remainder when q is divided by 12?
11
Calculate the remainder when (-70)/(-5) - (1 + 2) is divided by 7.
4
Let f be (-16)/(-7) + (-2)/7. What is the remainder when ((-30)/20)/(f/(-16)) is divided by (-1)/2 + 15/2?
5
Suppose 3 = -y + 1. Let a(o) = -7*o. Let f be a(y). What is the remainder when 53 is divided by ((-24)/f)/(8/(-84))?
17
Suppose -5*d + 18 + 1 = -3*a, 7 = a + d. Suppose 2*i + a - 9 = -5*n, 0 = 4*i - 4*n - 84. What is the remainder when i is divided by 9?
7
Let v = 27 + 11. Suppose 3 = -2*w + 7. Suppose -n = n + 4*c - 14, 2*n = w*c + v. Calculate the remainder when 28 is divided by n.
13
Let p = 16 - 5. Let c = 15 - -4. What is the remainder when c is divided by p?
8
Let m = -2 + -3. Let u(q) = -5*q**2 - 6 - q + q - q**3 - 4*q. What is the remainder when u(m) is divided by 5?
4
Suppose -19 = -4*i - y, -y = -2*i + 2*y + 13. Suppose -m - 3 = -5*r - 9, -i*r - 4*m = 26. Let h = r + 18. What is the remainder when h is divided by 6?
4
Suppose 3*m + 0*m - 213 = 0. What is the remainder when m is divided by 24?
23
Let h be (-4)/8 - (-122)/4. Suppose -7*m = -2*m - h. Calculate the remainder when 21 is divided by m.
3
Suppose -u + 33 = v - 5*v, 0 = u + 3*v - 47. Suppose -u - 9 = -2*q. What is the remainder when q is divided by 7?
4
Let c = -4 - -4. What is the remainder when 1/((-3)/(-177) + c) is divided by 15?
14
Suppose o + 2 = 0, 4*d + 4*o - 52 = 12. Suppose f + 23 = -5*l + 129, 4*f - l = 424. Suppose -5*g + 3*g + f = 0. What is the remainder when g is divided by d?
17
Let z(t) = 5*t**2 + 9*t + 1. What is the remainder when z(-5) is divided by 14?
11
Let q(h) = h**3 - 18*h**2 - 39*h + 12. What is the remainder when 111 is divided by q(20)?
15
Suppose 0 = 2*a - 0*a - 4*c - 172, 5*a - 370 = -2*c. Suppose -4*k - 4*b + a = -0*k, -5*b + 25 = 0. Let w = 45 - 4. What is the remainder when w is divided by k?
13
Let i(g) = 13*g**2 - 3*g + 1. Let r be i(2). Let d = r + -16. What is the remainder when d is divided by 16?
15
Suppose 35 = 5*s - 135. What is the remainder when s is divided by 18?
16
Let u(k) = -k**3 + 4*k**2 + 7*k + 1. Let n(f) = -f**3 - 30*f**2 + 135*f - 3. What is the remainder when n(-34) is divided by u(5)?
9
Let x be -31*(-2)/(-4)*2. Let w = 4 - x. What is the remainder when w is divided by 12?
11
Let v(j) = j**3 + 9*j**2 - 6*j - 13. Let l be v(-9). Let p = l - 24. Suppose 233 = 3*y + 83. Calculate the remainder when y is divided by p.
16
Let y(g) = g**2 + 5*g - 3. Let z be y(-6). Let c be (2 - z)/((-1)/3). Let j(p) = 3*p**3 - 2*p**2 + p - 1. What is the remainder when j(c) is divided by 22?
21
Let u(w) = w**2 - 14*w + 30. What is the remainder when u(12) is divided by 2/6 + (-22)/(-6)?
2
Suppose s + 2*j = 24, -j = -3*s - 5*j + 66. Calculate the remainder when s is divided by 6.
0
Let i(s) = -6*s - 1. Let n be i(-1). Suppose n*r - 14 = 16. What is the remainder when 23 is divided by r?
5
Suppose 4 = 4*j + 2*g, j - 4*g + 3 - 13 = 0. What is the remainder when -1*10*(-1)/j is divided by 4?
1
Suppose -14 = -4*c - 2*x, 3*x = -3*c + 5*x. Let u be 88/12 + c/3. What is the remainder when (81/12)/(3/u) is divided by 10?
8
Let v(n) = -n + 24*n**2 + 2 - 14*n**2 - 9*n**2 - 2*n. Let g be 4*(-1 - -2)/1. What is the remainder when 10 is divided by v(g)?
4
Suppose 6 = p + 3*a - 2*a, -a - 39 = -4*p. What is the remainder when 15 is divided by p?
6
What is the remainder when 157 is divided by 390/10 - (0 + -2 + 1)?
37
Suppose -2*q - 6 + 0 = 0, -4*h - q + 997 = 0. Suppose 3*b = -2*b + h. Calculate the remainder when 2/(-2) + b + 0 is divided by 13.
10
Let m(a) = -a**3 + 8*a**2 - 13*a + 4. Calculate the remainder when 151 is divided by m(5).
11
Suppose a - 29 = -h - 2*a, 5*h - 4*a = 145. Let l = -14 - -20. What is the remainder when h is divided by (-201)/(-21) + l/14?
9
Suppose 2*d - 14 = 16. Suppose 5*y - 5*g = 25, -6*y = -y - 3*g - 23. Suppose 2*n = 16 - y. Calculate the remainder when d is divided by n.
3
Let k(g) = 4*g + 1. Let s = 6 - 3. Let q = 23 + 13. What is the remainder when q is divided by k(s)?
10
Let t(l) = -l**3 - 7*l**2 + 7*l + 3. What is the remainder when 64 is divided by t(-8)?
9
Suppose 3*t - 5 = 4. Let v(p) = 5*p**2 - 4*p + 4. What is the remainder when v(t) is divided by 13?
11
Suppose 5*j = -2*y + 25, 5*y = 2*j - 4*j + 115. Calculate the remainder when y is divided by 8.
1
Let v = 3 - 1. Suppose v*z - 25 = z. What is the remainder when z is divided by 7?
4
Let y be (0 - 4) + 8 + 2. Suppose -32 = -y*l + 262. Calculate the remainder when l is divided by 17.
15
Suppose 0 = r - 0 + 1. Let a(q) = 85*q**2 + 2*q + 1. What is the remainder when a(r) is divided by 17?
16
Let c = -52 + 67. Calculate the remainder when c is divided by 5.
0
Let r be -3*(-1)/(-2)*-2. Suppose v + 58 = r*v. Suppose -3*i + 122 - v = 0. Calculate the remainder when i is divided by 11.
9
Suppose -2*d + 5*w + 28 = 0, -d + 5*w = 4 - 13. What is the remainder when 35 is divided by d?
16
Suppose 28 - 82 = -a. What is the remainder when a is divided by 14?
12
Suppose 2*r - 16 = -2. Suppose 4*i - 2*c - 64 = -0*c, 5*c - 38 = -i. Let w = -5 + i. Calculate the remainder when w is divided by r.
6
Suppose -9*r = -73 - 161. Let i = 5 + 9. What is the remainder when r is divided by i?
12
Suppose 0*g - 140 = -5*g. Let y = 44 - 29. What is the remainder when g is divided by y?
13
Suppose -z + 70 = 4*z. Let d = -28 + 17. Let j = 51 + d. Calculate the remainder when j is divided by z.
12
Let z(j) = 8*j. Suppose o - 15 = -6. What is the remainder when z(2) is divided by o?
7
Let u = 6 - 3. What is the remainder when (-1 - -27 - -2) + u is divided by 8?
7
What is the remainder when (-1)/3 - (-368)/6 is divided by (-1)/(-4) - 819/(-52)?
13
Suppose 0 = -2*h - 3*k + 35, h - 3*k + 5 = -0. What is the remainder when 19/((1/(-2))/((-1)/2)) is divided by h?
9
Let q(o) = -4*o + 2. What is the remainder when -1 - (-1 + -9) - 2 is divided by q(0)?
1
Let j = -7 - -40. Calculate the remainder when 129 is divided by j.
30
Let n be (-2)/(-6)*(-5 - 1). What is the remainder when 62 is divided by n + (-1 - -24) - 0?
20
Calculate the remainder when (20/(-14) + 0)*(-8 + -6) is divided by 11.
9
Let t = 27 + -10. What is the remainder when 96 is divided by t?
11
Suppose 2*a = v + 72, -5*a - 3*v + 193 = v. What is the remainder when 69 is divided by a?
32
Suppose -g + 50 = 5*h, -h + 2*g = -0*g + 1. What is the remainder when 32 is divided by h?
5
Let p(c) = 3*c + 19. Let n(l) = l + 9. Let j(z) = 5*n(z) - 2*p(z). Calculate the remainder